7. Let j(l) = l**3 - 5*l**2 + 6*l - 5. Give j(b).
3
Let a(v) = v - 1 + 0*v + v. Let l be 32/(-18) + 2 + 32/18. Suppose 0 = -2*k - l*c - 2*c - 6, 3*c = -4*k - 7. Calculate a(k).
-3
Let k be -1 + -1 + -1 - (-21)/3. Let f(w) = -w - 3 + w**3 + 7*w - 5*w**2 + 0*w**3. Calculate f(k).
5
Let s(t) = t**3 - 6*t**2 + 5*t - 5. Let z be s(5). Let n be z + (-3 - 1) + 8. Let v(i) = i**2 - 1. Give v(n).
0
Let u(o) = -5*o**2 - 3. Let g(c) = 6*c**2 + 4. Let v(m) = 2*g(m) + 3*u(m). Suppose 7*f - f - 372 = 0. Let n be (-1 + (-1)/(-3))/(f/93). What is v(n)?
-4
Let d(i) = 8*i. Let c(k) = -k**2 - 6*k + 3. Let r be c(-6). Suppose -q = r*q. Suppose 5*w + q*w + 5 = 0. Give d(w).
-8
Let s be 2/4*2*0. Let a(u) be the first derivative of 0*u**3 + 1/2*u**2 + u - 1/4*u**4 - 8. Determine a(s).
1
Let f = -427 - -432. Let w = 6 + -4. Suppose -4*t + 12 = w*j, t - 8 = f*t - 3*j. Let s(n) = 6*n - 1. Give s(t).
5
Let r(k) = k + 6*k**2 + 0 - 4*k**2 - 2 + 1 + k**3. Let p = 426 + -429. Give r(p).
-13
Let j be 20/3 - 44/(-33). Suppose -4*x + 4 = -r + 48, 0 = 2*r - j. Let v(b) = -b**2 - 10*b - 4. What is v(x)?
-4
Let c = 8 - 14. Let n(o) be the first derivative of o**2/2 + 2*o + 859. Give n(c).
-4
Let v(b) = -13*b**2 - 21*b + 9. Let r(a) = 7*a**2 + 11*a - 5. Let i(g) = 11*r(g) + 6*v(g). Determine i(-4).
3
Let g(h) = -h**2. Let d be g(1). Let b(u) be the first derivative of u**2 + 9 + 0*u**3 - 1/4*u**4 + u. Give b(d).
0
Let b(g) be the third derivative of -g**6/120 - g**5/60 + g**4/8 - 5*g**3/6 - 97*g**2. Calculate b(-4).
31
Let q(o) = -16*o**3 + 972*o**2 - 963*o**2 + 17*o**3 + 2. What is q(-9)?
2
Let i(z) = -z**3 + 14*z**2 + 2*z - 18. Let r(b) = -b**2 + b + 1. Let f(n) = -i(n) - 6*r(n). Calculate f(9).
21
Suppose -3 = -2*h - m + 8, m + 7 = h. Suppose h - 12 = -a. Let w(b) = a + 6 - b - 11. Give w(0).
1
Let n(i) = -i**2 + 7*i - 6. Let s(u) = u**3 - 7*u**2 - u - 7. Let w be s(7). Let o be w/4*132/(-77). Let p be n(o). Let f(b) = -b - 16. Calculate f(p).
-16
Let v be ((-42)/28)/(9/96). Let c(h) = h**2 + 15*h - 28. Give c(v).
-12
Let a be (12/(-16))/((-2)/8). Let m(h) = 9 + h**a - 4*h**2 - 12 - h + 1. Calculate m(4).
-6
Let b(t) be the second derivative of -t + 1/60*t**5 + t**3 + 0 - 1/4*t**4 + 1/2*t**2. Let y(w) be the first derivative of b(w). What is y(4)?
-2
Let q(l) = 2*l**2 - 11. Let u(d) = -2*d**2 + d + 13. Let r(w) = 5*q(w) + 4*u(w). Determine r(3).
27
Let v(c) = -3*c + 8. Let m(t) = 4*t - 7. Let a(o) = 2*m(o) + 3*v(o). Calculate a(13).
-3
Let a(v) = -v**2 + 7*v + 11. Let k(j) = -1. Let q(b) = -a(b) - 6*k(b). What is q(4)?
-17
Let u be 10*(1 + (-3)/2). Suppose -10 = -2*q - 3*q. Let h(g) = -q + 2*g - 3*g - g - g. Determine h(u).
13
Let x(u) be the first derivative of u**4/4 + 8*u**3/3 - 9*u**2/2 - 5*u + 19. What is x(-9)?
-5
Let f(m) = m**3 - 3*m**2 - 7*m + 1. Let n = 24 - 18. Suppose -4*g = -s - 1 + n, -5*s - 4*g + 25 = 0. What is f(s)?
16
Let i(d) = d**2 + 11*d + 12. Let n = -184 + 173. Calculate i(n).
12
Let o(j) = 3*j + 0*j**2 - 5*j**2 + 1 + 1 + j**3. Suppose 0 = -1754*c + 1672*c + 328. Determine o(c).
-2
Suppose 3*l = l. Let v = 3 + 0. Let c(n) = -n - n**2 - v*n**2 + n**2 - 9 + 4*n**2. Determine c(l).
-9
Let f(w) = w**2 + 3*w + 3. Let y(g) = -2*g**2 - 7*g - 7. Let t(u) = 5*f(u) + 2*y(u). Let a(r) = -3*r**2 + 3*r + 3. Let q(l) = -a(l) + 2*t(l). Calculate q(-1).
5
Let j(s) = -3*s**2 + s - 4. Let n = -92 - -91. Let d(m) = -m**2. Let y(g) = n*j(g) + 4*d(g). Give y(-5).
-16
Let i(b) be the third derivative of b**6/120 - 11*b**5/60 + 5*b**4/12 - 5*b**3/6 - 2*b**2 - 19*b. Determine i(10).
-5
Let r(b) = 5*b + 5*b**2 - 769842*b**3 + 4 + 769841*b**3 - 4*b. Let j be (-32)/(-6) - (-2)/(-6). Give r(j).
9
Suppose -m + 28 = 5*b, 25 = -b + 6*b. Let a be (-12)/(-8)*4/m. Let x(z) = 0*z + 4 - 4*z + 4*z**3 - 5*z**a - 3 - 5*z**3. Give x(-4).
1
Let d(w) = -2*w**2 + 3*w + 3. Let h = 9 + -5. Let j be (-5)/((-6 - -4)/h). Suppose -6*m - j = -m. Calculate d(m).
-11
Let k(g) = -2*g + 4. Let r be k(-2). Suppose -2*v = -4*v + r. Let b(a) = a**3 - 2*a**2 - 6*a + 3. Calculate b(v).
11
Suppose -3*q + 7*q - 84 = 0. Let t = q + -11. Suppose -t = -3*i + p, -2*p = 2*i - 5*p - 9. Let s(o) = o**3 - 2*o**2 - 3*o + 1. What is s(i)?
1
Suppose 66 = 20*k + 13*k. Let o(c) = 3*c**3 - 5*c**2 + 4*c - 3. Calculate o(k).
9
Let g(s) be the third derivative of s**5/60 - s**4/12 + s**3/6 + 3*s**2 + 17. Suppose -2*i = -3*q - 5 - 2, 0 = -5*q + 5. Determine g(i).
16
Suppose -358 - 57 = -5*f. Suppose -6*g + 25 = -f. Let b be (9/g)/((-2)/28). Let n(s) = -s - 8. Determine n(b).
-1
Let n(i) = i**2 + 2*i - 11. Let c be n(3). Let t(h) be the second derivative of -h**4/6 + 2*h**3/3 + 2*h**2 - 7*h. Determine t(c).
-12
Suppose 3*p + 32 = -3*n - p, 2*n + 18 = -p. Let h(w) be the second derivative of -w**5/20 - 3*w**4/4 - 4*w**3/3 + 5*w**2/2 + 3*w + 15. Determine h(n).
5
Let q(x) = -56*x**2 + 2*x + 3*x + 7*x - 18 + x**3 + 53*x**2. Determine q(2).
2
Let h be (4 + 0)*(-21)/4. Let w(k) = k**3 + 10*k**2 - 3*k - 6. Let q be w(-10). Let g = h + q. Let v(s) = -s**3 + 2*s**2 + s. Calculate v(g).
-6
Let x(i) = i**3 - i**2 - 2*i - 1. Let l(s) = 4*s**3 - 12*s**2 - 17*s - 13. Let f(d) = l(d) - 5*x(d). What is f(-6)?
-2
Let z(g) = -13*g**2 + g - 5. Let i be (15/(-45))/(1/(-6)). Suppose b = i*m + 4 - 1, b + 3 = -4*m. Let o(s) = -1. Let d(q) = m*z(q) + 5*o(q). Calculate d(-1).
14
Let p(v) be the second derivative of -v**3/6 - 25*v**2/2 + 53*v. Determine p(-16).
-9
Let g(d) = 5*d + 2. Let r(q) = 7*q + 3. Let v(i) = 8*g(i) - 5*r(i). Let l(b) = -b**2 - 5*b - 2. Let z be l(-2). Suppose 4 = z*a + 8. Calculate v(a).
-4
Let p be 24/6 + (-10)/10. Let g(c) = c**2 + c + 2. What is g(p)?
14
Let k(g) be the second derivative of g**4/12 + g**3/6 - 5*g**2/2 + g + 10. Let a = 30 + -34. Calculate k(a).
7
Let x be 9 + 7/(14/(-8)). Suppose 0 = -q + 11 - x. Let f(w) = q*w - 2*w - 4*w + w. Calculate f(-3).
-3
Let r(h) be the third derivative of h**5/60 + 5*h**4/8 - 11*h**3/3 + 51*h**2 + 2*h. Determine r(-16).
-6
Suppose 3 = 5*q - s + 46, -4*q = -s + 35. Let m(a) = -a**3 - 7*a**2 + 7*a - 3. Let z be m(q). Let i(y) = -y**3 + 0 + 6*y + 4*y**2 - 1 - 2. Determine i(z).
2
Let c(i) = i**2 + 4*i - 11. Let x(r) = 5*r**2 + 22*r - 56. Let s(j) = 11*c(j) - 2*x(j). Calculate s(3).
0
Let c(l) = 3*l + 6 - 1 + 5*l**3 - 4 - 2*l. Let o(d) be the first derivative of d**2/2 - 15*d + 1. Let j be o(14). Give c(j).
-5
Let g(p) = 3*p - 1. Let i be g(1). Let b(o) be the second derivative of -o**3/6 + o**2 + 2*o. Calculate b(i).
0
Let o(x) = -2*x - 5. Let p(n) = 2*n**3 + n**2 + 12*n + 10. Let f be p(-1). What is o(f)?
1
Let h(q) be the third derivative of 0 + 1/12*q**4 + 1/30*q**5 + 1/2*q**3 + 0*q + 24*q**2. Determine h(-2).
7
Let b(d) be the first derivative of -7*d - 9 + d**2 + 16 - 15. What is b(6)?
5
Let a(i) = 2*i**3 - 4*i**2 - 2*i + 3. Let x(d) = -2 + 2*d - 7 + 1 - 3*d. Let l be x(-11). What is a(l)?
15
Suppose -c = -4*c + 15. Suppose -3*d - 17 = 5*v, v + v = c*d + 18. Let s(b) = -3*b - 4. What is s(d)?
8
Let x(q) be the third derivative of -q**5/12 + q**4/12 - q**3/6 + q**2 - 13*q. What is x(1)?
-4
Let y(j) = j**3 + 12*j**2 - 1. Suppose -12*t - 10 = 134. Give y(t).
-1
Let u(a) = a**3 - 4*a**2 - 5*a - 4. Suppose 2*v - 4 = -5*d + 2*d, -2*v + 14 = -2*d. Calculate u(v).
-4
Suppose 0 = 3*w - 4*v - 132 + 114, -10 = -2*w + 2*v. Let f(m) = 5*m**2 + m + 2. Determine f(w).
24
Let n(o) = -o - 2. Let j(r) = -103*r + 293. Let v be j(3). Let m(z) = -z**3 + z**2 - z + 18. Let l be m(0). Let u = v + l. Calculate n(u).
-4
Suppose 5*y + 0*c = c - 13, -8 = 4*c. Suppose -9*p + 5 = -13. Let a(l) = 0*l**2 - 2*l**p - 83 + 85 - 3*l. Give a(y).
-7
Let l(q) = 9 - q - 10 - 5. Give l(6).
-12
Let m(d) = d**3 + 7*d**2 + 4*d - 6. Let t be m(-6). Let u(n) = -29*n**2 + 45*n - 18. Let o(h) = 13*h**2 - 21*h + 9. Let f(l) = -9*o(l) - 4*u(l). Give f(t).
9
Let i(k) = -k**3 + k - 8. Suppose 23 = 4*h - 17. Let g be (-4 + 66/15)*h. Suppose -a = g*a. Calculate i(a).
-8
Suppose 0 = h + h + 40. Let j = h + 16. Let t(z) = z**3 + 3*z**2 - 4*z. Give t(j).
0
Let k(t) = -7*t + 17*t - 2*t - 3*t + 43 - 10*t. Determine k(10).
-7
Suppose 5*t - 5*r - 2 = -12, -3*r + 4 = -t. Let o(j) = 10*j**3 + j. What is o(t)?
-11
Let l be 0 - ((-24)/18)/(4/6). Suppose -1 = j - 3*d, -l*d + 5*d = 6. Let o(k) = k - 1. Give o(j).
4
Suppose 0 = -3*d + 5*r - 2*r + 